*a - 7*a, -4*w = -4*a + 7620. Is a composite?
False
Suppose -24437 = -2*d - q, 36653 = 2*d + d + 4*q. Is d a composite number?
True
Let d(t) = t**2 - 5*t + 3. Let b be d(5). Suppose p + b = 1. Is ((-838)/5)/(p/5) a composite number?
False
Suppose -p = -0*p + 2*v + 4, -32 = p - 5*v. Is (-2018)/(-1)*-6*1/p prime?
True
Suppose c = -3*c - 3*h - 3, -5*c + 2*h + 2 = 0. Let d(l) = -8*l + 203. Is d(c) a composite number?
True
Let u(o) = o**3 + 2*o**2 - 3*o. Let z be u(-3). Suppose 8*w - 5*w - 9339 = z. Is w a composite number?
True
Let n = 888 + -415. Suppose 5*v - 1273 = -n. Suppose z + v = 453. Is z a prime number?
True
Let c(n) be the first derivative of n**6/120 - n**5/4 - 5*n**4/8 + 4*n**3 - 2*n**2 + 1. Let h(s) be the second derivative of c(s). Is h(17) prime?
True
Let x be -3*3/(9/(-2)). Suppose 0 = -4*s - 12, 0 = g - x*s - 414. Suppose 2*d = 226 + g. Is d a composite number?
False
Suppose -536 = 2*p + 2*g, -2*p - 1064 = 2*p + 2*g. Let i = 637 + p. Is i a composite number?
False
Let a(q) = -q**2 + 12*q + 0 - 1 + 3*q + 12. Is a(12) a composite number?
False
Suppose -4*q - 1 = 5*k + 7, 0 = -5*k. Is ((-1)/q)/(3/786) prime?
True
Let o = -35 - -17. Let s be -9*-321*4/o. Is 2/1 - s/6 a composite number?
False
Let q(v) = v - 9. Suppose 0 = -5*m - 10, -1 = x + 3*m - 7. Let t be q(x). Is ((-2344)/(-8))/(t + -2) a prime number?
True
Is (-5)/(-1) - 51948/(0 - 6) a prime number?
True
Let d(f) = -10*f**3 - 8*f**2 + 4*f - 1. Is d(-3) a prime number?
False
Let z(y) = -266*y**3 - 3*y**2 - y - 10. Let t be z(8). Is (8/10)/2 + t/(-70) a composite number?
False
Let v = -203 + 1701. Suppose v = 2*h + 2*y, -2*h - y = -2*y - 1510. Is h a prime number?
False
Let z be (3 + 16039 + -1)*(-6)/(-9). Suppose 0 = -8*m + z + 6098. Is m prime?
True
Is (-1 - -3)/(12/234474) prime?
True
Let t be ((-6)/8)/(3/(-8)). Suppose 0 = -4*z - 4*b + 3516, 885 = z + t*b + 2*b. Is z composite?
False
Suppose h - 2*f = 691, 2*h - f - 1370 = -0*f. Let m = -472 + h. Is m a prime number?
True
Let o = 2121 - 844. Is o a prime number?
True
Let c(i) = 258*i**2 + 3*i + 2. Let v be 3/(-6) + (-2)/4. Is c(v) composite?
False
Suppose 4*f - 4*g - 28 = 0, -4*f = -3*f + 3*g - 15. Is 1*f/(-21) + (-5540)/(-7) composite?
True
Suppose -3 = 2*b - 13. Let t = b - 2. Suppose z - 96 = -3*w, -133 = -7*w + t*w - 3*z. Is w prime?
True
Let f(j) = -39*j**3 - 7*j**2 - 27*j + 8. Is f(-9) prime?
False
Let f be (917/2)/(3/6). Let a = -230 + f. Is a prime?
False
Let k be 0 - 2 - (-128 + 1). Suppose 4*i + 13*i = 51. Suppose 4*s = -2*h + 491 - k, 3*s = -i*h + 276. Is s prime?
False
Suppose 0 = -4*q - j + 3903, q - 4870 = -4*q - 3*j. Is q a composite number?
False
Let w(d) = 5*d**3 - 3*d**2 - 5*d + 5. Let l(x) = -6*x**3 + 3*x**2 + 6*x - 6. Let n(f) = 3*l(f) + 4*w(f). Let y = -143 - -146. Is n(y) prime?
True
Let b(n) = -2*n**2 + n + 3457. Is b(0) composite?
False
Suppose -3*x + 60 = 7*x. Suppose -4*g + p = -5910, 2*p = 5*p + x. Is g a prime number?
False
Let g = 1049 - 605. Let h = -129 + g. Let c = -220 + h. Is c prime?
False
Suppose -31*b + 5*b + 100022 = 0. Is b a composite number?
False
Suppose 5*o = -q + 925, 2*o = -q + 449 - 76. Let w = -69 + -4. Let n = w + o. Is n a composite number?
True
Suppose -9 = -4*d - 1. Suppose -s + 4*j + 337 = 0, 4*j - 2 - d = 0. Is s a composite number?
True
Let o(z) = 4*z**2 - 4*z - 25. Is o(12) prime?
True
Suppose -5*v + 4*m = -17846, 2*v + 2613 = -5*m + 9725. Let a = v + -2511. Is a prime?
False
Let h = -10650 - -26263. Is h a composite number?
True
Suppose 4*z = 4, 42*v - z = 38*v + 2523. Is v prime?
True
Suppose -356766 = -15*o + 11*o + 5*u, 267557 = 3*o + 5*u. Is o a prime number?
True
Suppose -142485 + 3598 = -7*g. Is g composite?
False
Suppose 0 = 3*l - 1348 - 3227. Suppose -a + l = 374. Is a a prime number?
True
Suppose -7*o = -7 - 14. Suppose -o*q + 551 = -0*q + 4*v, q = -3*v + 182. Is q a composite number?
True
Let x = 79 + -55. Suppose 29*v - x*v = 4045. Is v a composite number?
False
Let y = 4 - -9. Let s(c) = c**2 - 13*c + 4. Let n be s(y). Suppose 3*k + n*b = 323, -4*k + 6*b = 5*b - 456. Is k a prime number?
True
Let s = 28 - 57. Let f = 118 + s. Is f prime?
True
Let d(p) = 3*p**2 + 9*p + 8. Let f be d(7). Suppose 3*a + 23 - f = z, 0 = -3*z - 9. Suppose 102 = b - a. Is b a composite number?
True
Is (-1)/((-4)/(-3)) + (-727233)/(-156) composite?
True
Let w be 1917/15 + 8/(-10). Let u be ((-2)/(-3))/(3/9). Suppose u*h - w = h. Is h composite?
False
Let q = -3 - 1. Let w(i) be the third derivative of i**5/60 + i**4/24 - i**3/6 - 10*i**2. Is w(q) composite?
False
Let k(y) = -5*y**3 + 16*y**2 + 11*y - 9. Let o(r) = 9*r**3 - 32*r**2 - 21*r + 19. Let b(c) = -11*k(c) - 6*o(c). Is b(-14) composite?
False
Let m(s) = 76*s**2 - 34*s + 9. Is m(14) composite?
True
Let d(c) = -4*c**3 - 2*c**2 + 4*c - 4. Let u be d(-4). Suppose -140 = 2*t + 4*v + u, 0 = 5*t - 4*v + 902. Is t/(-8)*8/2 prime?
True
Suppose 10*n - 6*n + 3*g + 8368 = 0, 3*g - 8392 = 4*n. Let t = -1104 - n. Is t composite?
False
Suppose -4*x + 21 = -19. Let c(y) = y**3 + 5 + 13*y - 15*y**2 + 4 + 5*y**2 + 2. Is c(x) prime?
False
Let h = -29 + 34. Suppose 5*f - h*y - 1053 - 627 = 0, -4*f - y = -1319. Is f a composite number?
False
Let b(s) = 13*s**2 - 2*s + 2. Let r be (80/12)/4*3. Is b(r) a composite number?
False
Suppose -3*b + 54460 = -2333. Is b a composite number?
True
Suppose -3*s + u = 301, 515 = -5*s - 4*u - u. Let o = s - -258. Is o a composite number?
False
Is ((-6)/4)/(8/(-86896)) a composite number?
True
Suppose -108*j + 110*j - 15362 = 0. Is j composite?
False
Suppose 5*v - 370 = -0*v. Suppose 0*t + v = 2*t. Let m = t + 184. Is m prime?
False
Let h = 55 + -81. Let k = -25 - h. Is k*((-4)/4 + 968) a composite number?
False
Let n(w) = w**3 - 9*w**2 + 9*w - 3. Let v be n(8). Suppose 0 = r + 5*o - 25, r - 2*o - 27 = -v*o. Let h = r + 1. Is h prime?
True
Let w be -2*2/(-4) + 222. Let t(p) = p**3 - 6*p**2 - 38*p - 13. Let j be t(9). Let b = w + j. Is b a prime number?
False
Suppose 47 = -h + 3*y - 2*y, 5*h = y - 223. Let k = h + 2. Let a = 160 + k. Is a a prime number?
False
Suppose -3*n - 2*k + 15931 = 0, 21249 = 4*n - 0*n - 5*k. Is n a composite number?
True
Suppose -1 - 3 = 4*r, -4*u - 3*r + 189 = 0. Let j(o) = -o**2 + 27*o - 138. Let l be j(21). Is l/u + (-317)/(-4) composite?
False
Suppose -2*w - p + 888 = -0*p, w + 5*p = 444. Let l(v) = -15*v - 28. Let z be l(15). Let t = z + w. Is t a composite number?
False
Suppose 9*t = 5*t + 5884. Is t composite?
False
Let d(c) = 2*c**2 - 2*c + 9. Let h(k) = 2*k**2 + 3*k - 2. Let j be h(-3). Let l be d(j). Suppose 8*f - 5*f = l. Is f a composite number?
False
Suppose -5784 = -8*o + 11*o. Let y = o + 3811. Is y a prime number?
False
Let p = 22630 + -12981. Is p composite?
False
Let k = 2596 + -1707. Is k prime?
False
Let u(t) = 57*t + 7. Let x(y) = 115*y + 14. Let n(b) = 5*u(b) - 3*x(b). Let p be -5*(1 - (3 - 3)). Is n(p) composite?
False
Is 5147/(((-1)/(-3))/(8/24)) composite?
False
Let c(n) = 35*n**3 - 4*n**2 + n - 21. Is c(4) a composite number?
True
Let h be 51672/6*2/8. Let b = 5796 - h. Is b a prime number?
True
Is -1*14727/4*(-12)/9 composite?
False
Is 6336 - (-3)/(-7 - -19)*-20 prime?
False
Suppose 0 = 4*x - 4, -187 = 2*k - 5*k - 4*x. Let h = -47 + k. Is h composite?
True
Suppose 0 = -4*j - 77 - 19. Let r = 39 + j. Is r prime?
False
Let u(q) = -237*q**3 - q**2 - q - 2. Let i be u(-3). Suppose 5*g = -5*z + 7980, 2*g + g = 4*z - i. Is z composite?
False
Let t(d) = -11*d**3 + 7*d**2 - 4*d - 11. Is t(-5) a composite number?
False
Let o be (-117 + 0 - -1)/(29/(-290)). Suppose o = h - 599. Is h prime?
True
Let a = -482 + -579. Let i = 1560 + a. Is i a composite number?
False
Let v(u) = u**3 + 21*u**2 + 18*u - 1. Let l(o) = -o**3 - 20*o**2 - 17*o + 1. Let s(z) = -5*l(z) - 4*v(z). Is s(-12) a prime number?
True
Let l(r) = -127*r - 2. Let q be l(-19). Suppose 8*g = -387 + q. Is g a composite number?
True
Let q(u) = -u**2 + 9*u + 251. Is q(17) prime?
False
Suppose -3*m - 1 = 35. Is (432 + m/(-3))/2 composite?
True
Suppose 2*y + 14473 = 3*l, -5*l + 2*y - 4365 + 28492 = 0. Is l a prime number?
False
Let i(h) = -11*h + 20. Let u = -27 + 20. Is i(u) a composite number?
False
Suppose -59301 = -16*m + 11*m - 4*r, 5*m = 2*r + 59307. Is m composite?
True
Suppose -9 = -2*i + 3. Let l be 12/(-